*k - 23 = -2*f. What is the greatest common factor of a and f?
10
Suppose -22 - 20 = -3*d - 3*k, -4*d + 3*k + 56 = 0. Let h = d - 16. Let t be (-1)/((-4)/(42 - h)). Calculate the greatest common divisor of 22 and t.
11
Let z be (-15220)/(-28) - 3/(-7). Calculate the highest common factor of z and 4.
4
Suppose 3*h - 137 = 5*n, 35 = h - 5*n - 14. What is the highest common factor of h and 110?
22
Suppose 2*l = -5*v + 28, 34 = 5*v + 5*l - 6. Let d(x) = 16*x - 4. Let c be d(v). Calculate the highest common factor of 24 and c.
12
Let s(t) = 2*t**2 - 13*t. Let i be s(12). Suppose q = -q - 2*r + i, 3*q = -4*r + 199. Calculate the greatest common factor of q and 26.
13
Let a(u) = -u**3 - 2*u + 14. Let g be a(0). Let v be (2 - 15/(-6))*g. What is the greatest common factor of 42 and v?
21
Let q(z) = -z**2 - z + 8. Let f be q(0). Suppose -24 = -4*p - f. Suppose c = -0*o + 3*o - 244, p*o - 336 = 4*c. What is the highest common divisor of o and 10?
10
Let p be (-2 - (-33)/12)*(49 + -21). What is the highest common divisor of p and 168?
21
Let z(n) = n**3 + 11*n**2 - 2*n - 57. Let o be z(-9). What is the highest common factor of o and 3321?
123
Suppose 3*x = -4*u + 18, -u = 3*x + u - 18. Let g = 0 + -14. Let m = g + 26. Calculate the highest common factor of x and m.
6
Let b(n) = 12*n - 2. Let z be b(2). Let f be 3*(-64)/20*20/(-6). Suppose f*a = 36*a - 968. Calculate the highest common factor of a and z.
22
Suppose -70*t + 18*t + 1664 = 0. Calculate the greatest common factor of 432 and t.
16
Let a = 493 + -486. What is the highest common factor of a and 203?
7
Let n = 408 + -232. Calculate the greatest common divisor of 32 and n.
16
Suppose -23 + 87 = 4*s. Let q be (462/(-9))/(-2) + s/12. What is the greatest common factor of q and 18?
9
Suppose -h + 44 = 5*c, -3*h - 132 = -6*h - c. Let r = -55 + 87. Let d = r - 21. Calculate the greatest common divisor of d and h.
11
Let s = -16 - -21. Let g = -3 + s. Suppose -9 - 7 = -g*t. What is the greatest common divisor of 32 and t?
8
Let p(q) = q**3 + 14*q**2 + q + 34. Let u be p(-14). Let s be (2 + 48/u)*10. What is the highest common divisor of s and 4?
4
Suppose -763 - 383 = -z. Suppose -11*w + z - 376 = 0. What is the greatest common factor of 10 and w?
10
Let i be (-1*0/(-2))/(-2). Suppose -4*m - b + 318 + 191 = i, 3*m + b = 381. Let u(g) = -g + 5. Let h be u(-11). Calculate the highest common factor of h and m.
16
Let y be 0 + 14/(-6 - 205/(-34)). What is the greatest common factor of y and 136?
68
Let w(j) = -j + 54. Let f be w(6). Calculate the highest common divisor of 156 and f.
12
Let h(n) = -n**3 - 23*n**2 - 5*n - 31. Let a be h(-23). Calculate the greatest common factor of a and 96.
12
Let b(o) = 60*o**3 - 4*o**2 + 6*o - 3. Let i be b(2). Suppose 10*z = 540 - 110. What is the highest common divisor of z and i?
43
Let c(u) be the second derivative of 2/3*u**4 - 1/6*u**3 - 2*u**2 + 0 + 7*u. Let s be c(-2). Calculate the greatest common factor of s and 12.
6
Let a be (-6 - -3 - 16)/((-2)/8). What is the highest common divisor of a and 380?
76
Let z = -154 + 155. Let w(d) = -87*d - 4. Let n(y) = 43*y + 2. Let o(k) = 13*n(k) + 6*w(k). Let v be o(z). What is the greatest common divisor of 26 and v?
13
Suppose -r - 4 + 39 = 0. Let a = r + -13. Let x(z) = -z**3 + z**2 + z + 55. Let k be x(0). Calculate the greatest common divisor of k and a.
11
Let i(h) = -h**2 - 6*h + 11. Let u be i(-9). Let b = u - -31. What is the highest common divisor of b and 3?
3
Suppose 3*n = 12, 2*a + 3*n = 7*n + 362. What is the highest common divisor of a and 42?
21
Let u = -356 + 412. What is the greatest common divisor of u and 252?
28
Suppose 3*f + 22 = 4*t - 1, -34 = -5*t + 2*f. Suppose 0 = 5*r + 29 + 96. Let o = r + 41. What is the greatest common divisor of t and o?
8
Let c be -2 + 0 + 0/(-3). Let i be (c - 0) + (-14)/(-1). Let n be (165/(-22))/((-1)/i). Calculate the greatest common factor of n and 10.
10
Let o(p) = -29*p + 725. Let u be o(20). What is the highest common divisor of 348 and u?
29
Let t be 1192/18 + 12/(-54). Let g be (t/9)/((-2)/(-3)). Let z = g - 7. What is the highest common factor of 24 and z?
4
Let c be (17 + 4)*11/(-3)*-1. Suppose 4*u = 5*a + 2*u - c, -4*u = 4*a - 56. Calculate the highest common divisor of a and 165.
15
Let k be 3/(-5) + 1956/60. Calculate the greatest common divisor of 20 and k.
4
Let s = -45 - -94. Suppose -4*u + 14 = -14. What is the greatest common divisor of u and s?
7
Let i = 266 + -250. What is the greatest common divisor of i and 2?
2
Let m = 247 + -229. What is the highest common factor of 81 and m?
9
Suppose 4*q - 7 - 49 = 0. Calculate the greatest common divisor of 133 and q.
7
Suppose 2*z - 98 = z. Suppose 2*y + 0 = c - 29, z = 4*c - 2*y. Let k = 90 + 2. What is the greatest common factor of k and c?
23
Let z be -10*3/6*-1. Suppose -z*x - 23 + 156 = 3*j, 3*j = -x + 113. What is the greatest common factor of 90 and j?
18
Let h = -10 + 11. Let j(l) = l + 3. Let p be 6 - (-3 + 3)/(-2). Let x be j(p). Calculate the greatest common divisor of x and h.
1
Let i(s) = s**2 + 2*s + 12. Let m be i(-6). Let b(p) = 2*p**2 + 9*p - 8. Let l be b(-7). What is the highest common divisor of l and m?
9
Suppose r = 3*r. Suppose 2*v - 66 = -2*k, -5*v = 2*k - r*k - 81. Let z = k + -12. Calculate the greatest common factor of 176 and z.
16
Let l be (-8)/(-16)*(2 - -18). What is the highest common divisor of l and 90?
10
Let c(r) = 9*r**2 + 11*r + 6. Let h be c(-1). What is the highest common factor of h and 4?
4
Let h be (4/(-6))/((-1)/21). Let l = -100 + 135. Calculate the greatest common divisor of h and l.
7
Let c be 5/((-4)/336*-4). Let o be 2/(-2) + 1 + 15. Calculate the greatest common factor of c and o.
15
Suppose 5*u - 65 = -5. Let n = -93 - -88. Let c(b) = b**3 + 8*b**2 + 12*b - 3. Let g be c(n). What is the highest common divisor of u and g?
12
Suppose -2*d = -71 - 37. Suppose -5*h - 4*u = -98, u = 10 - 8. Calculate the greatest common divisor of h and d.
18
Let t(b) = 31*b - 7. Let n be t(4). Suppose -9*s = -10*s - 5. Let h = s - -18. Calculate the greatest common divisor of n and h.
13
Suppose u = 2*r + 48, -88 - 176 = -5*u + 4*r. Let i = 15 - 8. Calculate the highest common divisor of u and i.
7
Suppose -2*d + 6*d - 432 = 0. Let y(w) be the second derivative of w**4/3 + w**3/6 - w**2 - 11*w. Let j be y(-2). What is the greatest common factor of d and j?
12
Let v(m) = 96*m + 564. Let x be v(0). What is the highest common divisor of 36 and x?
12
Let s be (-84)/(-5) + (-12)/15. Suppose -2*c = n - 6*c - s, 2*c + 44 = 2*n. What is the highest common factor of 8 and n?
8
Suppose 4*p - 83 = -5*f, -f - 4*p + 17 + 6 = 0. Suppose -2*a = f + 7. Let c(q) = q**2 + 10*q. Let l be c(a). What is the greatest common factor of l and 1?
1
Suppose -5*p + 3*n + 479 = 0, -4*p + 3*p = 4*n - 82. Calculate the highest common divisor of p and 235.
47
Let x = -7 + 12. Suppose -x*y - 571 = 454. Let m = y - -389. Calculate the highest common factor of 23 and m.
23
Let i be (-252)/(-56)*(-4)/(-18). What is the greatest common divisor of i and 81?
1
Let k be 20/((625/10)/25). What is the greatest common factor of k and 2888?
8
Suppose 616 = 2*q + 4*t, 3*t + 1243 = -28*q + 32*q. Calculate the highest common divisor of q and 2.
2
Let j = 794 + -403. Calculate the highest common factor of j and 17.
17
Let p(z) = z**3 + 5*z**2 - 5*z + 10. Let q be p(-8). Let l = -94 - q. What is the highest common divisor of l and 16?
16
Suppose -56 - 46 = -x + 2*t, x - 3*t - 103 = 0. What is the highest common factor of 25 and x?
25
Let r be 1/(-8) - (-16660)/160. What is the highest common divisor of r and 39?
13
Suppose 5*n = 5 + 5. Let q = 13 + -8. Suppose -u - 3*p + 30 = 0, 0*u - q = -n*u + 5*p. What is the highest common factor of 15 and u?
15
Let h(z) = -21*z + 267. Let b be h(12). Calculate the highest common divisor of b and 25.
5
Let z(j) = j**2 - 3*j + 6. Suppose h - 6 = -g, 4 = 2*g + 2*g. Let a be z(h). Suppose a = s + 3*s. Calculate the greatest common factor of s and 12.
4
Let h = 22 - 17. Suppose 5*p + c = 1735, h*p - p - 1359 = 5*c. Let s = p - 225. What is the highest common factor of s and 11?
11
Suppose 284 + 26 = 4*p - 5*a, -4*a = 4*p - 292. Calculate the greatest common divisor of 555 and p.
15
Let m(l) = l**